{"id":8415,"date":"2026-08-24T14:23:07","date_gmt":"2026-08-24T17:23:07","guid":{"rendered":"https:\/\/hauspremier.com.br\/?post_type=imoveis&#038;p=8415"},"modified":"2026-08-24T14:28:27","modified_gmt":"2026-08-24T17:28:27","slug":"terreno-com-leve-declive-e-vista-para-a-mata-de-preservacao-no-condominio-barcelona-em-juiz-de-fora-mg","status":"publish","type":"imoveis","link":"https:\/\/hauspremier.com.br\/index.php\/imoveis\/terreno-com-leve-declive-e-vista-para-a-mata-de-preservacao-no-condominio-barcelona-em-juiz-de-fora-mg\/","title":{"rendered":"Terreno com leve declive e vista para a mata de preserva\u00e7\u00e3o no Condom\u00ednio Barcelona em Juiz de Fora (MG)"},"featured_media":8418,"menu_order":0,"template":"","meta":[],"tipo-do-imovel":[20,21],"bairro":[67],"finalidade":[17],"destaque":[],"class_list":["post-8415","imoveis","type-imoveis","status-publish","has-post-thumbnail","hentry","tipo-do-imovel-lote","tipo-do-imovel-terreno","bairro-barcelona-juiz-de-fora","finalidade-compra","entry"],"_links":{"self":[{"href":"https:\/\/hauspremier.com.br\/index.php\/wp-json\/wp\/v2\/imoveis\/8415","targetHints":{"allow":["GET"]}}],"collection":[{"href":"https:\/\/hauspremier.com.br\/index.php\/wp-json\/wp\/v2\/imoveis"}],"about":[{"href":"https:\/\/hauspremier.com.br\/index.php\/wp-json\/wp\/v2\/types\/imoveis"}],"version-history":[{"count":1,"href":"https:\/\/hauspremier.com.br\/index.php\/wp-json\/wp\/v2\/imoveis\/8415\/revisions"}],"predecessor-version":[{"id":8424,"href":"https:\/\/hauspremier.com.br\/index.php\/wp-json\/wp\/v2\/imoveis\/8415\/revisions\/8424"}],"wp:featuredmedia":[{"embeddable":true,"href":"https:\/\/hauspremier.com.br\/index.php\/wp-json\/wp\/v2\/media\/8418"}],"wp:attachment":[{"href":"https:\/\/hauspremier.com.br\/index.php\/wp-json\/wp\/v2\/media?parent=8415"}],"wp:term":[{"taxonomy":"tipo-do-imovel","embeddable":true,"href":"https:\/\/hauspremier.com.br\/index.php\/wp-json\/wp\/v2\/tipo-do-imovel?post=8415"},{"taxonomy":"bairro","embeddable":true,"href":"https:\/\/hauspremier.com.br\/index.php\/wp-json\/wp\/v2\/bairro?post=8415"},{"taxonomy":"finalidade","embeddable":true,"href":"https:\/\/hauspremier.com.br\/index.php\/wp-json\/wp\/v2\/finalidade?post=8415"},{"taxonomy":"destaque","embeddable":true,"href":"https:\/\/hauspremier.com.br\/index.php\/wp-json\/wp\/v2\/destaque?post=8415"}],"curies":[{"name":"wp","href":"https:\/\/api.w.org\/{rel}","templated":true}]}}

Terreno com leve declive e vista para a mata de preservação no Condomínio Barcelona em Juiz de Fora (MG)
