{"id":8386,"date":"2026-08-24T13:43:22","date_gmt":"2026-08-24T16:43:22","guid":{"rendered":"https:\/\/hauspremier.com.br\/?post_type=imoveis&#038;p=8386"},"modified":"2026-08-24T13:43:52","modified_gmt":"2026-08-24T16:43:52","slug":"casa-integrada-a-natureza-no-condominio-barcelona-com-vista-definitiva-para-a-mata-e-o-lago-no-condominio-barcelona-em-juiz-de-fora-mg","status":"publish","type":"imoveis","link":"https:\/\/hauspremier.com.br\/index.php\/imoveis\/casa-integrada-a-natureza-no-condominio-barcelona-com-vista-definitiva-para-a-mata-e-o-lago-no-condominio-barcelona-em-juiz-de-fora-mg\/","title":{"rendered":"Casa integrada \u00e0 natureza no Condom\u00ednio Barcelona, com vista definitiva para a mata e o lago no Condom\u00ednio Barcelona em Juiz de Fora (MG)"},"featured_media":8389,"menu_order":0,"template":"","meta":[],"tipo-do-imovel":[18,46],"bairro":[67],"finalidade":[17],"destaque":[],"class_list":["post-8386","imoveis","type-imoveis","status-publish","has-post-thumbnail","hentry","tipo-do-imovel-casa","tipo-do-imovel-casa-em-condominio","bairro-barcelona-juiz-de-fora","finalidade-compra","entry"],"_links":{"self":[{"href":"https:\/\/hauspremier.com.br\/index.php\/wp-json\/wp\/v2\/imoveis\/8386","targetHints":{"allow":["GET"]}}],"collection":[{"href":"https:\/\/hauspremier.com.br\/index.php\/wp-json\/wp\/v2\/imoveis"}],"about":[{"href":"https:\/\/hauspremier.com.br\/index.php\/wp-json\/wp\/v2\/types\/imoveis"}],"version-history":[{"count":1,"href":"https:\/\/hauspremier.com.br\/index.php\/wp-json\/wp\/v2\/imoveis\/8386\/revisions"}],"predecessor-version":[{"id":8412,"href":"https:\/\/hauspremier.com.br\/index.php\/wp-json\/wp\/v2\/imoveis\/8386\/revisions\/8412"}],"wp:featuredmedia":[{"embeddable":true,"href":"https:\/\/hauspremier.com.br\/index.php\/wp-json\/wp\/v2\/media\/8389"}],"wp:attachment":[{"href":"https:\/\/hauspremier.com.br\/index.php\/wp-json\/wp\/v2\/media?parent=8386"}],"wp:term":[{"taxonomy":"tipo-do-imovel","embeddable":true,"href":"https:\/\/hauspremier.com.br\/index.php\/wp-json\/wp\/v2\/tipo-do-imovel?post=8386"},{"taxonomy":"bairro","embeddable":true,"href":"https:\/\/hauspremier.com.br\/index.php\/wp-json\/wp\/v2\/bairro?post=8386"},{"taxonomy":"finalidade","embeddable":true,"href":"https:\/\/hauspremier.com.br\/index.php\/wp-json\/wp\/v2\/finalidade?post=8386"},{"taxonomy":"destaque","embeddable":true,"href":"https:\/\/hauspremier.com.br\/index.php\/wp-json\/wp\/v2\/destaque?post=8386"}],"curies":[{"name":"wp","href":"https:\/\/api.w.org\/{rel}","templated":true}]}}

Casa integrada à natureza no Condomínio Barcelona, com vista definitiva para a mata e o lago no Condomínio Barcelona em Juiz de Fora (MG)
